ivided by 36786?
1
Calculate the remainder when 842034 is divided by 2121.
2118
What is the remainder when 16596839 is divided by 85?
79
Calculate the remainder when 895278 is divided by 96.
78
Calculate the remainder when 416363 is divided by 14270.
2533
What is the remainder when 52121 is divided by 319?
124
Calculate the remainder when 207119 is divided by 1534.
29
Calculate the remainder when 7563 is divided by 7144.
419
What is the remainder when 11241041 is divided by 16?
1
Calculate the remainder when 672834 is divided by 356.
350
Calculate the remainder when 95492 is divided by 124.
12
Calculate the remainder when 1012000 is divided by 77845.
15
What is the remainder when 7123352 is divided by 1604?
1592
What is the remainder when 79971 is divided by 769?
764
Calculate the remainder when 26600307 is divided by 2770.
2767
What is the remainder when 46917 is divided by 21905?
3107
Calculate the remainder when 113582 is divided by 5918.
1140
Calculate the remainder when 13730925 is divided by 22771.
12
What is the remainder when 1437311 is divided by 91?
57
What is the remainder when 24430 is divided by 3485?
35
What is the remainder when 15201394 is divided by 2533551?
88
What is the remainder when 368869 is divided by 3980?
2709
What is the remainder when 3207710 is divided by 1730?
290
What is the remainder when 9857 is divided by 684?
281
What is the remainder when 57360245 is divided by 139?
88
What is the remainder when 3794939 is divided by 1483?
1425
What is the remainder when 3955055 is divided by 28869?
2
Calculate the remainder when 15816806 is divided by 29075.
6
Calculate the remainder when 164470 is divided by 852.
34
Calculate the remainder when 4970888 is divided by 130810.
108
Calculate the remainder when 159972 is divided by 3554.
42
What is the remainder when 74035 is divided by 637?
143
Calculate the remainder when 27875955 is divided by 580.
575
What is the remainder when 36167024 is divided by 1260?
1244
What is the remainder when 508856 is divided by 31684?
1912
Calculate the remainder when 40280 is divided by 178.
52
What is the remainder when 20282003 is divided by 47?
46
Calculate the remainder when 13779838 is divided by 8.
6
What is the remainder when 498727 is divided by 55378?
325
Calculate the remainder when 120132 is divided by 976.
84
What is the remainder when 8540073 is divided by 47?
32
Calculate the remainder when 3259697 is divided by 2942.
2903
Calculate the remainder when 1841835 is divided by 613845.
300
Calculate the remainder when 1771358 is divided by 4871.
3185
Calculate the remainder when 91856726 is divided by 488.
486
Calculate the remainder when 956926 is divided by 239223.
34
What is the remainder when 199133234 is divided by 7073?
7065
Calculate the remainder when 41088 is divided by 2932.
40
What is the remainder when 13165211 is divided by 9?
2
What is the remainder when 31763322 is divided by 75?
72
Calculate the remainder when 11287487 is divided by 211.
42
What is the remainder when 226115 is divided by 22245?
3665
What is the remainder when 476418 is divided by 47627?
148
Calculate the remainder when 1053137 is divided by 1549.
1366
What is the remainder when 1098453 is divided by 7012?
4581
What is the remainder when 3436 is divided by 8?
4
Calculate the remainder when 3791676 is divided by 71.
63
Calculate the remainder when 510628533 is divided by 85104754.
9
Calculate the remainder when 23723153 is divided by 98.
97
What is the remainder when 200056 is divided by 49982?
128
Calculate the remainder when 6719060 is divided by 3359495.
70
Calculate the remainder when 12748 is divided by 1168.
1068
What is the remainder when 17027658 is divided by 345?
183
Calculate the remainder when 8576290 is divided by 952920.
10
Calculate the remainder when 17556434 is divided by 1799.
1792
Calculate the remainder when 1313763 is divided by 91.
87
What is the remainder when 1537723 is divided by 70?
33
Calculate the remainder when 15963 is divided by 1043.
318
Calculate the remainder when 33781485 is divided by 4500.
4485
What is the remainder when 25560735 is divided by 620?
615
Calculate the remainder when 647397 is divided by 161784.
261
Calculate the remainder when 12714 is divided by 5213.
2288
Calculate the remainder when 21436000 is divided by 2214.
52
What is the remainder when 27966 is divided by 903?
876
Calculate the remainder when 463321 is divided by 154300.
421
Calculate the remainder when 2848996 is divided by 35.
31
What is the remainder when 2148973 is divided by 2313?
196
What is the remainder when 10256879 is divided by 549?
461
Calculate the remainder when 357290 is divided by 656.
426
What is the remainder when 945227 is divided by 24?
11
Calculate the remainder when 194603 is divided by 1261.
409
What is the remainder when 25104 is divided by 24983?
121
Calculate the remainder when 153981829 is divided by 2329.
2323
Calculate the remainder when 9631160 is divided by 1926230.
10
Calculate the remainder when 1562650 is divided by 1168.
1034
Calculate the remainder when 4967185 is divided by 358.
293
What is the remainder when 466046 is divided by 702?
620
What is the remainder when 47657423 is divided by 93?
38
What is the remainder when 308136 is divided by 321?
297
Calculate the remainder when 2361465 is divided by 9677.
277
What is the remainder when 203358249 is divided by 85?
84
What is the remainder when 26162991 is divided by 7650?
7641
Calculate the remainder when 15185753 is divided by 544.
537
What is the remainder when 37192999 is divided by 16?
7
Calculate the remainder when 238119 is divided by 561.
255
Calculate the remainder when 2760900 is divided by 920299.
3
Calculate the remainder when 636387 is divided by 3834.
3777
Calculate the remainder when 581689828 is divided by 10.
8
What is the remainder when 39402132 is divided by 78024?
12
Calculate the remainder when 539425 is divided by 17979.
55
What is the remainder when 959379 is divided by 2586?
2559
What is the remainder when 244670 is divided by 46?
42
Calculate the remainder when 63033516 is divided by 218109.
15
Calculate the remainder when 31071822 is divided by 6214362.
12
Calculate the remainder when 187421292 is divided by 34.
32
What is the remainder when 35001 is divided by 105?
36
What is the remainder when 790045 is divided by 71639?
2016
What is the remainder when 8519124 is divided by 85?
84
Calculate the remainder when 167779 is divided by 167744.
35
What is the remainder when 1946415 is divided by 162189?
147
Calculate the remainder when 75220371 is divided by 18805081.
47
Calculate the remainder when 17394031 is divided by 37326.
115
What is the remainder when 29045620 is divided by 75?
70
Calculate the remainder when 4589903 is divided by 86.
83
What is the remainder when 803003976 is divided by 469?
467
Calculate the remainder when 28448 is divided by 5424.
1328
Calculate the remainder when 83217979 is divided by 10114.
10101
What is the remainder when 1517256 is divided by 21988?
84
What is the remainder when 1038871091 is divided by 1047?
1046
Calculate the remainder when 9104432 is divided by 498.
494
What is the remainder when 11265 is divided by 2156?
485
What is the remainder when 568378 is divided by 6382?
380
What is the remainder when 759777 is divided by 189773?
685
What is the remainder when 15258696 is divided by 202?
20
What is the remainder when 1038998 is divided by 1038674?
324
Calculate the remainder when 353598 is divided by 2131.
1983
What is the remainder when 83543186 is divided by 1018?
1016
What is the remainder when 4171457 is divided by 792?
785
Calculate the remainder when 5570008 is divided by 1856628.
124
What is the remainder when 40398387 is divided by 208?
3
What is the remainder when 2175678 is divided by 2175629?
49
What is the remainder when 2826225 is divided by 75?
0
Calculate the remainder when 112427 is divided by 49.
21
Calculate the remainder when 198290 is divided by 2678.
118
What is the remainder when 740191 is divided by 1376?
1279
What is the remainder when 639763 is divided by 102?
19
Calculate the remainder when 153169448 is divided by 259.
215
What is the remainder when 6636 is divided by 715?
201
Calculate the remainder when 73407881 